499720 a multiple of 124?
True
Is 13130 a multiple of 202?
True
Is 30 a factor of 3710700?
True
Does 40 divide 1085543?
False
Is 1614872 a multiple of 4?
True
Does 53 divide 165222?
False
Is 10 a factor of 28023?
False
Is 105341 a multiple of 130?
False
Is 233 a factor of 321307?
True
Is 552 a factor of 499587?
False
Is 266 a factor of 3733124?
False
Is 9 a factor of 160220?
False
Is 6 a factor of 507456?
True
Does 353 divide 154967?
True
Is 93 a factor of 50499?
True
Is 391 a factor of 1323144?
True
Does 8 divide 132616?
True
Is 26326232 a multiple of 142?
True
Is 98 a factor of 70862?
False
Is 88232 a multiple of 51?
False
Is 11 a factor of 631191?
True
Is 114 a factor of 65759?
False
Is 324538 a multiple of 9?
False
Is 985 a factor of 3292855?
True
Does 9 divide 1357497?
True
Is 18 a factor of 1521342?
True
Is 4 a factor of 226464?
True
Is 42102 a multiple of 9?
True
Does 411 divide 971604?
True
Is 173345 a multiple of 30?
False
Is 3 a factor of 1782900?
True
Is 156444 a multiple of 12?
True
Is 500186 a multiple of 62?
False
Does 202 divide 1611354?
True
Is 293 a factor of 1052456?
True
Is 66 a factor of 2625967?
False
Is 457070 a multiple of 86?
False
Does 28 divide 2438548?
True
Does 49 divide 1351469?
True
Is 10 a factor of 572330?
True
Does 665 divide 395849?
False
Does 14 divide 770042?
True
Is 156802 a multiple of 344?
False
Is 158550 a multiple of 18?
False
Is 584 a factor of 7248608?
True
Is 13 a factor of 405977?
True
Is 58 a factor of 1151323?
False
Is 61 a factor of 992044?
False
Does 60 divide 33118?
False
Is 199385 a multiple of 23?
False
Is 470 a factor of 3735560?
True
Is 125 a factor of 194300?
False
Is 151 a factor of 30125?
False
Does 29 divide 4047298?
True
Does 159 divide 716200?
False
Is 375479 a multiple of 134?
False
Is 10560 a multiple of 60?
True
Is 5 a factor of 86400?
True
Is 20 a factor of 1389280?
True
Is 60 a factor of 525420?
True
Does 56 divide 1355249?
False
Does 1458 divide 9178955?
False
Is 7556152 a multiple of 12?
False
Is 9 a factor of 363979?
False
Does 682 divide 338630?
False
Is 608993 a multiple of 11?
True
Does 111 divide 4558739?
False
Is 38 a factor of 492025?
False
Is 71 a factor of 321559?
True
Is 32 a factor of 275200?
True
Is 7 a factor of 602721?
True
Is 156 a factor of 1900080?
True
Does 973 divide 946246?
False
Is 45 a factor of 684270?
True
Does 80 divide 566894?
False
Does 97 divide 3588070?
False
Is 33820 even?
True
Does 9 divide 7605?
True
Is 323 a factor of 634695?
True
Is 3972577 a multiple of 85?
False
Does 124 divide 707048?
True
Does 169 divide 6035159?
True
Is 44290 a multiple of 43?
True
Is 8 a factor of 570033?
False
Does 221 divide 276097?
False
Is 26582 a multiple of 6?
False
Is 5 a factor of 371765?
True
Is 6 a factor of 421448?
False
Does 24 divide 3390000?
True
Does 7 divide 3620107?
False
Is 383196 a multiple of 126?
False
Does 14 divide 1349961?
False
Does 13 divide 406576?
False
Is 268350 a multiple of 30?
True
Does 34 divide 5100714?
True
Is 22 a factor of 646939?
False
Is 26 a factor of 724386?
True
Is 29 a factor of 1430509?
False
Is 1827330 a multiple of 34?
True
Is 608147 a multiple of 67?
False
Is 1976 a factor of 13079144?
True
Does 5 divide 88170?
True
Does 221 divide 1561238?
False
Is 85 a factor of 12365455?
False
Does 562 divide 2398616?
True
Does 550 divide 2079000?
True
Does 67 divide 16023?
False
Is 21400 a multiple of 25?
True
Is 28 a factor of 187236?
True
Does 186 divide 252454?
False
Is 22 a factor of 131010?
True
Is 265135 a multiple of 3?
False
Is 60 a factor of 35804?
False
Does 86 divide 1448290?
False
Is 325770 a multiple of 443?
False
Is 12 a factor of 724854?
False
Does 35 divide 1446544?
False
Is 1129986 a multiple of 66?
True
Does 11 divide 263014?
False
Is 8085420 a multiple of 1085?
True
Is 1007695 a multiple of 24?
False
Does 177 divide 3553983?
True
Does 270 divide 148506?
False
Is 122 a factor of 1569084?
False
Is 13 a factor of 33247?
False
Is 232 a factor of 66403?
False
Is 34 a factor of 77520?
True
Is 308066 a multiple of 22?
True
Is 5 a factor of 217774?
False
Is 4 a factor of 8269?
False
Is 14 a factor of 1369876?
False
Does 446 divide 1827262?
True
Is 519038 a multiple of 25?
False
Is 21172297 a multiple of 874?
False
Is 21483 a multiple of 279?
True
Is 210823 a multiple of 177?
False
Is 556 a factor of 17423928?
True
Is 69 a factor of 93357?
True
Is 766057 a multiple of 102?
False
Does 6 divide 398124?
True
Is 18515 a multiple of 11?
False
Does 16 divide 2532000?
True
Is 76714 a multiple of 28?
False
Is 246203 a multiple of 137?
False
Does 17 divide 14008?
True
Does 26 divide 2368925?
False
Is 3294166 a multiple of 27?
False
Is 1287383 a multiple of 4?
False
Is 154 a factor of 2428426?
True
Is 100 a factor of 156259?
False
Does 89 divide 470311?
False
Does 681 divide 2537060?
False
Does 51 divide 1277856?
True
Is 270 a factor of 1614567?
False
Does 277 divide 4994535?
False
Is 9 a factor of 157986?
True
Is 1230492 a multiple of 366?
True
Is 1415386 a multiple of 626?
True
Does 178 divide 2883421?
False
Does 580 divide 116444?
False
Is 22 a factor of 2589202?
True
Is 12 a factor of 8966780?
False
Does 171 divide 2592189?
True
Is 193 a factor of 390632?
True
Is 6 a factor of 26406?
True
Is 296410 a multiple of 67?
False
Is 21 a factor of 131691?
True
Is 90398 a multiple of 11?
True
Is 375024 a multiple of 106?
False
Does 42 divide 139104?
True
Does 28 divide 1040284?
True
Is 50 a factor of 22742?
False
Is 28 a factor of 138268?
False
Does 33 divide 10857?
True
Is 179910 a multiple of 6?
True
Does 59 divide 194355?
False
Is 10415 a multiple of 2?
False
Does 196 divide 3274180?
True
Is 2 a factor of 38913?
False
Is 8800587 a multiple of 17?
False
Is 2145 a multiple of 11?
True
Is 1731960 a multiple of 309?
False
Is 777865 a multiple of 55?
True
Is 1041346 a multiple of 270?
False
Is 11421270 a multiple of 74?
False
Is 1088 a factor of 8609579?
False
Is 146 a factor of 34080634?
True
Is 41 a factor of 11688986?
False
Is 910057 a multiple of 11?
False
Is 220740 a multiple of 39?
True
Does 590 divide 592799?
False
Is 91052 a multiple of 26?
True
Is 7 a factor of 55361?
False
Is 98 a factor of 6730361?
False
Is 71755 a multiple of 194?
False
Does 19 divide 2106209?
False
Is 102 a factor of 2000220?
True
Does 11 divide 226259?
True
Is 5 a factor of 89005?
True
Does 12 divide 123941?
False
Does 62 divide 17360?
True
Is 54 a factor of 679520?
False
Is 10 a factor of 6282430?
True
Is 69 a factor of 1545411?
False
Is 28 a factor of 19336609?
False
Is 1051352 a multiple of 370?
False
Is 1167980 a multiple of 59?
False
Does 29 divide 901650?
False
Is 30 a factor of 3658200?
True
Does 626 divide 246644?
True
Does 24 divide 3851703?
False
Does 74 divide 11342542?
False
Does 133 divide 4148536?
True
Is 6968208 a multiple of 52?
True
Is 208136 a multiple of 25?
False
Does 19 divide 5124414?
True
Is 764570 a multiple of 10?
True
Does 12 divide 100383?
False
Is 576200 a multiple of 430?
True
Does 37 divide 57720?
True
Is 3430458 a multiple of 23?
False
Does 206 divide 87962?
True
Does 86 divide 999578?
True
Does 172 divide 1086524?
True
Does 14 divide 544096?
True
Does 8 divide 568267?
False
Does 15 divide 172140?
True
Is 3060670 a multiple of 727?
True
Is 1821700 a multiple of 3?
False
Does 34 divide 44764?
False
Does 18 divide 371124?
True
Is 7158899 a multiple of 517?
True
Is 1109 a factor of 23507081?
False
Is 154 a factor of 1166448?
False
Is 8 a factor of 363352?
True
Does 44 divide 1105456?
True
Does 10 divide 23646?
False
Is 5872359 a multiple of 27?
False
Is 809 a factor of 1441139?
False
Is 20 a factor of 233103?
False
Does 53 divide 46958?
True
Is 10 a factor of 615930?
True
Is 1017098 a multiple of 413?
False
Is 4794488 a multiple of 31?
False
Is 211896 a multiple of 108?
True
Does 203 divide 1639279?
False
Does 55 divide 352935?
True
Is 561838 a multiple of 5?
False
Is 22002 a multiple of 104?
False
Is 19 a factor of 342570?
True
Is 30 a factor of 99150?
True
Does 177 divide 238109?
False
Is 328464 a multiple of 72?
True
Does 21 divide 1082345?
False
Does 235 divide 9215055?
True
Is 5357066 a multiple of 51?
False
Is 1187972 a multiple of 284?
True
Is 246 a factor of 108612?
False
Does 7 divide 11207?
True
Does 4 divide 279124?
True
